{"id":2,"date":"2016-05-10T03:48:21","date_gmt":"2016-05-10T03:48:21","guid":{"rendered":"http:\/\/promethano.de\/?page_id=2"},"modified":"2018-06-11T09:59:36","modified_gmt":"2018-06-11T09:59:36","slug":"sample-page","status":"publish","type":"page","link":"http:\/\/bluemethano.de\/","title":{"rendered":"Willkommen"},"content":{"rendered":"<p>Herzlich willkommen auf der Website der BlueMethano GmbH!<\/p>\n<p>Die BlueMethano GmbH ist Ihr Spezialist f\u00fcr die Entwicklung und Herstellung von Versuchs- und Laborger\u00e4ten nach Kundenwunsch.<\/p>\n<p>Unsere Ger\u00e4te f\u00fcr die Gasvolumenstrommessung erm\u00f6glichen es Ihnen, kleinste Gasmengen zu erfassen und zu verarbeiten. Die Ger\u00e4te wurden f\u00fcr G\u00e4rtests in der Biogasforschung entwickelt und kommen inzwischen in einem breiten Anwendungsspektrum zum Einsatz. In Verbindung mit unseren eigens entwickelten Kleinstfermentern, sowie individuell angepasster Software\u00a0liefern wir Ihnen zum Beispiel ein Komplettpaket f\u00fcr Ihren Biogas-Versuchsaufbau.<\/p>\n<p>Wir bieten Ihnen au\u00dferdem technische Beratungen f\u00fcr Ihr Forschungsvorhaben an. Kontaktieren Sie uns hierzu gerne jederzeit.<\/p>\n","protected":false},"excerpt":{"rendered":"<p>Herzlich willkommen auf der Website der BlueMethano GmbH! Die BlueMethano GmbH ist Ihr Spezialist f\u00fcr die Entwicklung und Herstellung von Versuchs- und Laborger\u00e4ten nach Kundenwunsch. Unsere Ger\u00e4te f\u00fcr die Gasvolumenstrommessung erm\u00f6glichen es Ihnen, kleinste Gasmengen zu erfassen und zu verarbeiten. Die Ger\u00e4te wurden f\u00fcr G\u00e4rtests in der Biogasforschung entwickelt und kommen inzwischen in einem breiten &hellip; <a href=\"http:\/\/bluemethano.de\/\" class=\"more-link\"><span class=\"screen-reader-text\">&#8222;Willkommen&#8220; <\/span>weiterlesen<\/a><\/p>\n","protected":false},"author":1,"featured_media":0,"parent":0,"menu_order":0,"comment_status":"closed","ping_status":"open","template":"","meta":{"footnotes":""},"class_list":["post-2","page","type-page","status-publish","hentry"],"_links":{"self":[{"href":"http:\/\/bluemethano.de\/index.php?rest_route=\/wp\/v2\/pages\/2","targetHints":{"allow":["GET"]}}],"collection":[{"href":"http:\/\/bluemethano.de\/index.php?rest_route=\/wp\/v2\/pages"}],"about":[{"href":"http:\/\/bluemethano.de\/index.php?rest_route=\/wp\/v2\/types\/page"}],"author":[{"embeddable":true,"href":"http:\/\/bluemethano.de\/index.php?rest_route=\/wp\/v2\/users\/1"}],"replies":[{"embeddable":true,"href":"http:\/\/bluemethano.de\/index.php?rest_route=%2Fwp%2Fv2%2Fcomments&post=2"}],"version-history":[{"count":7,"href":"http:\/\/bluemethano.de\/index.php?rest_route=\/wp\/v2\/pages\/2\/revisions"}],"predecessor-version":[{"id":118,"href":"http:\/\/bluemethano.de\/index.php?rest_route=\/wp\/v2\/pages\/2\/revisions\/118"}],"wp:attachment":[{"href":"http:\/\/bluemethano.de\/index.php?rest_route=%2Fwp%2Fv2%2Fmedia&parent=2"}],"curies":[{"name":"wp","href":"https:\/\/api.w.org\/{rel}","templated":true}]}}